{"id":350,"date":"2011-07-25T13:13:53","date_gmt":"2011-07-25T16:13:53","guid":{"rendered":"https:\/\/av.alphamicro.com.br\/?page_id=350"},"modified":"2025-06-22T13:20:23","modified_gmt":"2025-06-22T16:20:23","slug":"teste","status":"publish","type":"page","link":"https:\/\/av.alphamicro.com.br\/","title":{"rendered":"An\u00fancios"},"content":{"rendered":"<p><strong><span style=\"text-decoration: underline;\">Lembretes<\/span><\/strong><\/p>\r\n<hr \/>\r\n<h6>\u00a0<\/h6>\r\n<p>&nbsp;<\/p>\r\n<h6>\u00a0<\/h6>\r\n<hr \/>\r\n<p><strong>Limpeza<\/strong><\/p>\r\n<p><span style=\"color: #3366ff;\"><strong>Usar a Ficha de Limpeza no link abaixo:<\/strong><\/span><\/p>\r\n<p><a href=\"https:\/\/av.alphamicro.com.br\/wp-content\/uploads\/2018\/12\/\u00c1udio-V\u00eddeo-SAVGP.pdf\">\u00c1udio V\u00eddeo SAVGP<\/a><\/p>\r\n<p>&nbsp;<\/p>\r\n<hr \/>\r\n<p><b><u>Consulta R\u00e1pida\u00a0<\/u><\/b><\/p>\r\n<p><a href=\"https:\/\/av.alphamicro.com.br\/wp-content\/uploads\/2018\/11\/Manual-de-Operacao-Audio-e-video-VGP.pdf\">Manual de Operacao &#8211; Audio e video &#8211; VGP<\/a><\/p>\r\n<p><a href=\"https:\/\/av.alphamicro.com.br\/wp-content\/uploads\/2018\/02\/Diagrama-Au\u0301dio-VGP.pdf\">Diagrama Au\u0301dio VGP<\/a><\/p>\r\n<p><a href=\"https:\/\/av.alphamicro.com.br\/wp-content\/uploads\/2018\/02\/Diagrama-Vi\u0301deo-VGP.pdf\">Diagrama Vi\u0301deo VGP<\/a><\/p>\r\n<p>&nbsp;<\/p>\r\n\r\n<p>&nbsp;<\/p>\r\n","protected":false},"excerpt":{"rendered":"<p>Lembretes \u00a0 &nbsp; \u00a0 Limpeza Usar a Ficha de Limpeza no link abaixo: \u00c1udio V\u00eddeo SAVGP &nbsp; Consulta R\u00e1pida\u00a0 Manual de Operacao &#8211; Audio e video &#8211; VGP Diagrama Au\u0301dio VGP Diagrama Vi\u0301deo VGP &nbsp; &nbsp;<\/p>\n","protected":false},"author":1,"featured_media":0,"parent":0,"menu_order":1,"comment_status":"closed","ping_status":"closed","template":"","meta":{"footnotes":""},"class_list":["post-350","page","type-page","status-publish","hentry"],"_links":{"self":[{"href":"https:\/\/av.alphamicro.com.br\/index.php?rest_route=\/wp\/v2\/pages\/350","targetHints":{"allow":["GET"]}}],"collection":[{"href":"https:\/\/av.alphamicro.com.br\/index.php?rest_route=\/wp\/v2\/pages"}],"about":[{"href":"https:\/\/av.alphamicro.com.br\/index.php?rest_route=\/wp\/v2\/types\/page"}],"author":[{"embeddable":true,"href":"https:\/\/av.alphamicro.com.br\/index.php?rest_route=\/wp\/v2\/users\/1"}],"replies":[{"embeddable":true,"href":"https:\/\/av.alphamicro.com.br\/index.php?rest_route=%2Fwp%2Fv2%2Fcomments&post=350"}],"version-history":[{"count":162,"href":"https:\/\/av.alphamicro.com.br\/index.php?rest_route=\/wp\/v2\/pages\/350\/revisions"}],"predecessor-version":[{"id":898,"href":"https:\/\/av.alphamicro.com.br\/index.php?rest_route=\/wp\/v2\/pages\/350\/revisions\/898"}],"wp:attachment":[{"href":"https:\/\/av.alphamicro.com.br\/index.php?rest_route=%2Fwp%2Fv2%2Fmedia&parent=350"}],"curies":[{"name":"wp","href":"https:\/\/api.w.org\/{rel}","templated":true}]}}